ors of 2360.
2, 5, 59
List the prime factors of 3162.
2, 3, 17, 31
List the prime factors of 1586.
2, 13, 61
What are the prime factors of 42440?
2, 5, 1061
What are the prime factors of 8956?
2, 2239
List the prime factors of 107.
107
What are the prime factors of 16303?
7, 17, 137
What are the prime factors of 10587?
3, 3529
What are the prime factors of 226?
2, 113
What are the prime factors of 56899?
17, 3347
What are the prime factors of 803?
11, 73
List the prime factors of 18844.
2, 7, 673
What are the prime factors of 664?
2, 83
What are the prime factors of 80679?
3, 26893
List the prime factors of 977.
977
What are the prime factors of 9550?
2, 5, 191
List the prime factors of 9489.
3, 3163
List the prime factors of 2457.
3, 7, 13
What are the prime factors of 26215?
5, 7, 107
What are the prime factors of 201880?
2, 5, 7, 103
What are the prime factors of 715?
5, 11, 13
What are the prime factors of 280?
2, 5, 7
List the prime factors of 1398.
2, 3, 233
What are the prime factors of 65?
5, 13
What are the prime factors of 284?
2, 71
What are the prime factors of 2792?
2, 349
What are the prime factors of 11408?
2, 23, 31
What are the prime factors of 35233?
11, 3203
List the prime factors of 96828.
2, 3, 8069
List the prime factors of 3067.
3067
List the prime factors of 18245.
5, 41, 89
List the prime factors of 8829.
3, 109
What are the prime factors of 183899?
173, 1063
What are the prime factors of 94321?
94321
List the prime factors of 18640.
2, 5, 233
List the prime factors of 5186.
2, 2593
What are the prime factors of 11846?
2, 5923
List the prime factors of 12724.
2, 3181
List the prime factors of 300.
2, 3, 5
List the prime factors of 402.
2, 3, 67
What are the prime factors of 58855?
5, 79, 149
List the prime factors of 87758.
2, 11, 3989
List the prime factors of 7092.
2, 3, 197
What are the prime factors of 2197?
13
What are the prime factors of 93083?
93083
What are the prime factors of 6888?
2, 3, 7, 41
What are the prime factors of 50291?
50291
List the prime factors of 54129.
3, 18043
What are the prime factors of 8323?
7, 29, 41
What are the prime factors of 23704?
2, 2963
List the prime factors of 927.
3, 103
List the prime factors of 14065.
5, 29, 97
List the prime factors of 124818.
2, 3, 71, 293
List the prime factors of 95391.
3, 3533
What are the prime factors of 371?
7, 53
List the prime factors of 26420.
2, 5, 1321
What are the prime factors of 66823?
19, 3517
List the prime factors of 875.
5, 7
List the prime factors of 371.
7, 53
List the prime factors of 443.
443
What are the prime factors of 7291?
23, 317
List the prime factors of 3826.
2, 1913
List the prime factors of 31556.
2, 7, 23
List the prime factors of 1804.
2, 11, 41
List the prime factors of 557.
557
What are the prime factors of 3743?
19, 197
List the prime factors of 49843.
49843
What are the prime factors of 1506?
2, 3, 251
What are the prime factors of 3980?
2, 5, 199
What are the prime factors of 683?
683
List the prime factors of 3879.
3, 431
List the prime factors of 16702.
2, 7, 1193
List the prime factors of 23471.
7, 479
List the prime factors of 2518.
2, 1259
What are the prime factors of 1757?
7, 251
What are the prime factors of 1175?
5, 47
What are the prime factors of 1757?
7, 251
List the prime factors of 221.
13, 17
What are the prime factors of 5667?
3, 1889
What are the prime factors of 4129?
4129
What are the prime factors of 514?
2, 257
What are the prime factors of 59628?
2, 3, 4969
List the prime factors of 393.
3, 131
What are the prime factors of 3136?
2, 7
What are the prime factors of 3150?
2, 3, 5, 7
List the prime factors of 148.
2, 37
What are the prime factors of 2228?
2, 557
List the prime factors of 15266.
2, 17, 449
List the prime factors of 55307.
7, 7901
List the prime factors of 22.
2, 11
What are the prime factors of 1827?
3, 7, 29
List the prime factors of 7487.
7487
List the prime factors of 102.
2, 3, 17
List the prime factors of 20656.
2, 1291
What are the prime factors of 10890?
2, 3, 5, 11
What are the prime factors of 2755?
5, 19, 29
What are the prime factors of 529?
23
What are the prime factors of 1200?
2, 3, 5
List the prime factors of 1161.
3, 43
List the prime factors of 447.
3, 149
List the prime factors of 46682.
2, 17, 1373
List the prime factors of 20558.
2, 19, 541
What are the prime factors of 56404?
2, 59, 239
What are the prime factors of 395?
5, 79
List the prime factors of 79011.
3, 8779
List the prime factors of 45224.
2, 5653
What are the prime factors of 1309?
7, 11, 17
What are the prime factors of 19506?
2, 3, 3251
What are the prime factors of 8581?
8581
What are the prime factors of 5980?
2, 5, 13, 23
List the prime factors of 56728.
2, 7, 1013
List the prime factors of 11271.
3, 13, 17
What are the prime factors of 69?
3, 23
List the prime factors of 1604.
2, 401
What are the prime factors of 3063?
3, 1021
List the prime factors of 46900.
2, 5, 7, 67
What are the prime factors of 5374?
2, 2687
What are the prime factors of 2439?
3, 271
List the prime factors of 2950.
2, 5, 59
What are the prime factors of 472?
2, 59
What are the prime factors of 346?
2, 173
List the prime factors of 1521.
3, 13
What are the prime factors of 8030?
2, 5, 11, 73
List the prime factors of 7478.
2, 3739
List the prime factors of 915.
3, 5, 61
List the prime factors of 12041.
12041
What are the prime factors of 25072?
2, 1567
What are the prime factors of 16452?
2, 3, 457
What are the prime factors of 1489?
1489
What are the prime factors of 12391?
12391
What are the prime factors of 17729?
17729
List the prime factors of 495.
3, 5, 11
List the prime factors of 3049.
3049
What are the prime factors of 723?
3, 241
What are the prime factors of 5551?
7, 13, 61
List the prime factors of 35922.
2, 3, 5987
List the prime factors of 111770.
2, 5, 11177
What are the prime factors of 1834?
2, 7, 131
What are the prime factors of 108780?
2, 3, 5, 7, 37
List the prime factors of 1396.
2, 349
What are the prime factors of 11473?
7, 11, 149
List the prime factors of 3950.
2, 5, 79
List the prime factors of 106969.
41, 2609
List the prime factors of 7234.
2, 3617
List the prime factors of 183.
3, 61
What are the prime factors of 14472?
2, 3, 67
List the prime factors of 6923.
7, 23, 43
List the prime factors of 81602.
2, 40801
List the prime factors of 830.
2, 5, 83
What are the prime factors of 106854?
2, 3, 11, 1619
List the prime factors of 16153.
29, 557
List the prime factors of 69312.
2, 3, 19
What are the prime factors of 4394?
2, 13
List the prime factors of 7346.
2, 3673
List the prime factors of 2015.
5, 13, 31
List the prime factors of 49048.
2, 6131
What are the prime factors of 16635?
3, 5, 1109
List the prime factors of 2218.
2, 1109
List the prime factors of 3702.
2, 3, 617
What are the prime factors of 127920?
2, 3, 5, 13, 41
What are the prime factors of 3159?
3, 13
What are the prime factors of 1022?
2, 7, 73
What are the prime factors of 43384?
2, 11, 17, 29
List the prime factors of 5448.
2, 3, 227
What are the prime factors of 1425?
3, 5, 19
What are the prime factors of 2794?
2, 11, 127
List the prime factors of 1240.
2, 5, 31
List the prime factors of 341.
11, 31
List the prime factors of 70600.
2, 5, 353
What are the prime factors of 2096?
2, 131
List the prime factors of 62765.
5, 12553
What are the prime factors of 22132?
2, 11, 503
What are the prime factors of 21653?
59, 367
What are the prime factors of 22839?
3, 23, 331
List the prime factors of 179384.
2, 17, 1319
List the prime factors of 9172.
2, 2293
List the prime factors of 895.
5, 179
List the prime factors of 25539.
3, 8513
List the prime factors of 564.
2, 3, 47
List the prime factors of 17126.
2, 8563
What are the prime factors of 5886?
2, 3, 109
What are the prime factors of 23967?
3, 2663
What are the prime factors of 63?
3, 7
What are the prime factors of 10617?
3, 3539
What are the prime factors of 1177?
11, 107
List the prime factors of 71375.
5, 571
What are the prime factors of 4549?
4549
What are the prime factors of 28135?
5, 17, 331
List the prime factors of 9482.
2, 11, 431
What are the prime factors of 1030?
2, 5, 103
What are the prime factors of 926?
2, 463
What are the prime factors of 1768?
2, 13, 17